{"id":8,"date":"2025-12-15T06:36:18","date_gmt":"2025-12-15T05:36:18","guid":{"rendered":"https:\/\/ecolesaintvincentloos.fr\/?page_id=8"},"modified":"2026-01-07T05:27:58","modified_gmt":"2026-01-07T04:27:58","slug":"ecole-maternelle-elementaire-primaire-privee-catholique-saint-vincent","status":"publish","type":"page","link":"https:\/\/ecolesaintvincentloos.fr\/","title":{"rendered":""},"content":{"rendered":"\n<h1 class=\"wp-block-heading has-xx-large-font-size\">\u00c9cole priv\u00e9e catholique Saint&nbsp;Vincent<\/h1>\n\n\n\n<div class=\"wp-block-cover alignfull is-light has-custom-content-position is-position-bottom-center\" style=\"min-height:633px;aspect-ratio:unset;\"><img loading=\"lazy\" decoding=\"async\" width=\"1024\" height=\"683\" class=\"wp-block-cover__image-background wp-image-7 size-large\" alt=\"Ecole maternelle et primaire Saint Vincent\" src=\"https:\/\/ecolesaintvincentloos.fr\/wp-content\/uploads\/2025\/12\/snapedit_1760156622520-1024x683.jpg\" style=\"object-position:35% 67%\" data-object-fit=\"cover\" data-object-position=\"35% 67%\" srcset=\"https:\/\/ecolesaintvincentloos.fr\/wp-content\/uploads\/2025\/12\/snapedit_1760156622520-1024x683.jpg 1024w, https:\/\/ecolesaintvincentloos.fr\/wp-content\/uploads\/2025\/12\/snapedit_1760156622520-300x200.jpg 300w, https:\/\/ecolesaintvincentloos.fr\/wp-content\/uploads\/2025\/12\/snapedit_1760156622520-768x512.jpg 768w, https:\/\/ecolesaintvincentloos.fr\/wp-content\/uploads\/2025\/12\/snapedit_1760156622520-1536x1024.jpg 1536w, https:\/\/ecolesaintvincentloos.fr\/wp-content\/uploads\/2025\/12\/snapedit_1760156622520-2048x1365.jpg 2048w\" sizes=\"auto, (max-width: 1024px) 100vw, 1024px\" \/><span aria-hidden=\"true\" class=\"wp-block-cover__background has-background-dim-0 has-background-dim\" style=\"background-color:#acb4c2\"><\/span><div class=\"wp-block-cover__inner-container has-global-padding is-layout-constrained wp-block-cover-is-layout-constrained\">\n<p class=\"has-text-align-center is-style-text-annotation has-base-color has-contrast-background-color has-text-color has-background has-link-color has-large-font-size wp-elements-b1f2707edaab6c7baeb222cad22fa6b2 is-style-text-annotation--1\">Notre \u00e9tablissement est une \u00e9cole priv\u00e9e catholique<br>maternelle et \u00e9l\u00e9mentaire<\/p>\n<\/div><\/div>\n\n\n\n<div class=\"wp-block-group has-global-padding is-layout-constrained wp-block-group-is-layout-constrained\" style=\"padding-top:var(--wp--preset--spacing--50);padding-bottom:var(--wp--preset--spacing--50)\">\n<h2 class=\"wp-block-heading\">Nous contacter<\/h2>\n\n\n\n<ul class=\"wp-block-list\">\n<li>Par mail : <a href=\"mailto:ecole-st-vincent.loos@laposte.net\">ecole-st-vincent.loos@laposte.net<\/a><\/li>\n\n\n\n<li>Par t\u00e9l\u00e9phone : <a href=\"tel:0320070934\">03 20 07 09 34<\/a><\/li>\n<\/ul>\n<\/div>\n","protected":false},"excerpt":{"rendered":"<p>\u00c9cole priv\u00e9e catholique Saint&nbsp;Vincent Nous contacter<\/p>\n","protected":false},"author":1,"featured_media":0,"parent":0,"menu_order":0,"comment_status":"closed","ping_status":"closed","template":"page-no-title","meta":{"footnotes":""},"class_list":["post-8","page","type-page","status-publish","hentry"],"yoast_head":"<!-- This site is optimized with the Yoast SEO plugin v27.3 - https:\/\/yoast.com\/product\/yoast-seo-wordpress\/ -->\n<title>- Ecole maternelle et \u00e9l\u00e9mentaire Saint Vincent Loos<\/title>\n<meta name=\"description\" content=\"D\u00e9couvrez l\u2019\u00c9cole Saint-Vincent \u00e0 Loos : projet \u00e9ducatif, valeurs, \u00e9quipe p\u00e9dagogique et cadre d\u2019apprentissage bienveillant pour chaque enfant.\" \/>\n<meta name=\"robots\" content=\"index, follow, max-snippet:-1, max-image-preview:large, max-video-preview:-1\" \/>\n<link rel=\"canonical\" href=\"https:\/\/ecolesaintvincentloos.fr\/\" \/>\n<meta property=\"og:locale\" content=\"fr_FR\" \/>\n<meta property=\"og:type\" content=\"article\" \/>\n<meta property=\"og:title\" content=\"- Ecole maternelle et \u00e9l\u00e9mentaire Saint Vincent Loos\" \/>\n<meta property=\"og:description\" content=\"D\u00e9couvrez l\u2019\u00c9cole Saint-Vincent \u00e0 Loos : projet \u00e9ducatif, valeurs, \u00e9quipe p\u00e9dagogique et cadre d\u2019apprentissage bienveillant pour chaque enfant.\" \/>\n<meta property=\"og:url\" content=\"https:\/\/ecolesaintvincentloos.fr\/\" \/>\n<meta property=\"og:site_name\" content=\"Ecole maternelle et \u00e9l\u00e9mentaire Saint Vincent Loos\" \/>\n<meta property=\"article:modified_time\" content=\"2026-01-07T04:27:58+00:00\" \/>\n<meta property=\"og:image\" content=\"http:\/\/ecolesaintvincentloos.fr\/wp-content\/uploads\/2025\/12\/snapedit_1760156622520-1024x683.jpg\" \/>\n<meta name=\"twitter:card\" content=\"summary_large_image\" \/>\n<meta name=\"twitter:label1\" content=\"Dur\u00e9e de lecture estim\u00e9e\" \/>\n\t<meta name=\"twitter:data1\" content=\"1 minute\" \/>\n<script type=\"application\/ld+json\" class=\"yoast-schema-graph\">{\"@context\":\"https:\\\/\\\/schema.org\",\"@graph\":[{\"@type\":\"WebPage\",\"@id\":\"https:\\\/\\\/ecolesaintvincentloos.fr\\\/\",\"url\":\"https:\\\/\\\/ecolesaintvincentloos.fr\\\/\",\"name\":\"- Ecole maternelle et \u00e9l\u00e9mentaire Saint Vincent Loos\",\"isPartOf\":{\"@id\":\"https:\\\/\\\/ecolesaintvincentloos.fr\\\/#website\"},\"primaryImageOfPage\":{\"@id\":\"https:\\\/\\\/ecolesaintvincentloos.fr\\\/#primaryimage\"},\"image\":{\"@id\":\"https:\\\/\\\/ecolesaintvincentloos.fr\\\/#primaryimage\"},\"thumbnailUrl\":\"http:\\\/\\\/ecolesaintvincentloos.fr\\\/wp-content\\\/uploads\\\/2025\\\/12\\\/snapedit_1760156622520-1024x683.jpg\",\"datePublished\":\"2025-12-15T05:36:18+00:00\",\"dateModified\":\"2026-01-07T04:27:58+00:00\",\"description\":\"D\u00e9couvrez l\u2019\u00c9cole Saint-Vincent \u00e0 Loos : projet \u00e9ducatif, valeurs, \u00e9quipe p\u00e9dagogique et cadre d\u2019apprentissage bienveillant pour chaque enfant.\",\"inLanguage\":\"fr-FR\",\"potentialAction\":[{\"@type\":\"ReadAction\",\"target\":[\"https:\\\/\\\/ecolesaintvincentloos.fr\\\/\"]}]},{\"@type\":\"ImageObject\",\"inLanguage\":\"fr-FR\",\"@id\":\"https:\\\/\\\/ecolesaintvincentloos.fr\\\/#primaryimage\",\"url\":\"http:\\\/\\\/ecolesaintvincentloos.fr\\\/wp-content\\\/uploads\\\/2025\\\/12\\\/snapedit_1760156622520-1024x683.jpg\",\"contentUrl\":\"http:\\\/\\\/ecolesaintvincentloos.fr\\\/wp-content\\\/uploads\\\/2025\\\/12\\\/snapedit_1760156622520-1024x683.jpg\"},{\"@type\":\"WebSite\",\"@id\":\"https:\\\/\\\/ecolesaintvincentloos.fr\\\/#website\",\"url\":\"https:\\\/\\\/ecolesaintvincentloos.fr\\\/\",\"name\":\"Ecole Saint Vincent Loos\",\"description\":\"A l\u2019\u00e9cole St Vincent, r\u00e9ussir c\u2019est apprendre avec plaisir, s\u2019\u00e9panouir, d\u00e9couvrir, grandir\u2026\u00eatre heureux\",\"publisher\":{\"@id\":\"https:\\\/\\\/ecolesaintvincentloos.fr\\\/#organization\"},\"potentialAction\":[{\"@type\":\"SearchAction\",\"target\":{\"@type\":\"EntryPoint\",\"urlTemplate\":\"https:\\\/\\\/ecolesaintvincentloos.fr\\\/?s={search_term_string}\"},\"query-input\":{\"@type\":\"PropertyValueSpecification\",\"valueRequired\":true,\"valueName\":\"search_term_string\"}}],\"inLanguage\":\"fr-FR\"},{\"@type\":\"Organization\",\"@id\":\"https:\\\/\\\/ecolesaintvincentloos.fr\\\/#organization\",\"name\":\"Ecole Saint Vincent Loos\",\"url\":\"https:\\\/\\\/ecolesaintvincentloos.fr\\\/\",\"logo\":{\"@type\":\"ImageObject\",\"inLanguage\":\"fr-FR\",\"@id\":\"https:\\\/\\\/ecolesaintvincentloos.fr\\\/#\\\/schema\\\/logo\\\/image\\\/\",\"url\":\"https:\\\/\\\/ecolesaintvincentloos.fr\\\/wp-content\\\/uploads\\\/2025\\\/12\\\/Logo_512x512.png\",\"contentUrl\":\"https:\\\/\\\/ecolesaintvincentloos.fr\\\/wp-content\\\/uploads\\\/2025\\\/12\\\/Logo_512x512.png\",\"width\":512,\"height\":512,\"caption\":\"Ecole Saint Vincent Loos\"},\"image\":{\"@id\":\"https:\\\/\\\/ecolesaintvincentloos.fr\\\/#\\\/schema\\\/logo\\\/image\\\/\"}}]}<\/script>\n<!-- \/ Yoast SEO plugin. -->","yoast_head_json":{"title":"- Ecole maternelle et \u00e9l\u00e9mentaire Saint Vincent Loos","description":"D\u00e9couvrez l\u2019\u00c9cole Saint-Vincent \u00e0 Loos : projet \u00e9ducatif, valeurs, \u00e9quipe p\u00e9dagogique et cadre d\u2019apprentissage bienveillant pour chaque enfant.","robots":{"index":"index","follow":"follow","max-snippet":"max-snippet:-1","max-image-preview":"max-image-preview:large","max-video-preview":"max-video-preview:-1"},"canonical":"https:\/\/ecolesaintvincentloos.fr\/","og_locale":"fr_FR","og_type":"article","og_title":"- Ecole maternelle et \u00e9l\u00e9mentaire Saint Vincent Loos","og_description":"D\u00e9couvrez l\u2019\u00c9cole Saint-Vincent \u00e0 Loos : projet \u00e9ducatif, valeurs, \u00e9quipe p\u00e9dagogique et cadre d\u2019apprentissage bienveillant pour chaque enfant.","og_url":"https:\/\/ecolesaintvincentloos.fr\/","og_site_name":"Ecole maternelle et \u00e9l\u00e9mentaire Saint Vincent Loos","article_modified_time":"2026-01-07T04:27:58+00:00","og_image":[{"url":"http:\/\/ecolesaintvincentloos.fr\/wp-content\/uploads\/2025\/12\/snapedit_1760156622520-1024x683.jpg","type":"","width":"","height":""}],"twitter_card":"summary_large_image","twitter_misc":{"Dur\u00e9e de lecture estim\u00e9e":"1 minute"},"schema":{"@context":"https:\/\/schema.org","@graph":[{"@type":"WebPage","@id":"https:\/\/ecolesaintvincentloos.fr\/","url":"https:\/\/ecolesaintvincentloos.fr\/","name":"- Ecole maternelle et \u00e9l\u00e9mentaire Saint Vincent Loos","isPartOf":{"@id":"https:\/\/ecolesaintvincentloos.fr\/#website"},"primaryImageOfPage":{"@id":"https:\/\/ecolesaintvincentloos.fr\/#primaryimage"},"image":{"@id":"https:\/\/ecolesaintvincentloos.fr\/#primaryimage"},"thumbnailUrl":"http:\/\/ecolesaintvincentloos.fr\/wp-content\/uploads\/2025\/12\/snapedit_1760156622520-1024x683.jpg","datePublished":"2025-12-15T05:36:18+00:00","dateModified":"2026-01-07T04:27:58+00:00","description":"D\u00e9couvrez l\u2019\u00c9cole Saint-Vincent \u00e0 Loos : projet \u00e9ducatif, valeurs, \u00e9quipe p\u00e9dagogique et cadre d\u2019apprentissage bienveillant pour chaque enfant.","inLanguage":"fr-FR","potentialAction":[{"@type":"ReadAction","target":["https:\/\/ecolesaintvincentloos.fr\/"]}]},{"@type":"ImageObject","inLanguage":"fr-FR","@id":"https:\/\/ecolesaintvincentloos.fr\/#primaryimage","url":"http:\/\/ecolesaintvincentloos.fr\/wp-content\/uploads\/2025\/12\/snapedit_1760156622520-1024x683.jpg","contentUrl":"http:\/\/ecolesaintvincentloos.fr\/wp-content\/uploads\/2025\/12\/snapedit_1760156622520-1024x683.jpg"},{"@type":"WebSite","@id":"https:\/\/ecolesaintvincentloos.fr\/#website","url":"https:\/\/ecolesaintvincentloos.fr\/","name":"Ecole Saint Vincent Loos","description":"A l\u2019\u00e9cole St Vincent, r\u00e9ussir c\u2019est apprendre avec plaisir, s\u2019\u00e9panouir, d\u00e9couvrir, grandir\u2026\u00eatre heureux","publisher":{"@id":"https:\/\/ecolesaintvincentloos.fr\/#organization"},"potentialAction":[{"@type":"SearchAction","target":{"@type":"EntryPoint","urlTemplate":"https:\/\/ecolesaintvincentloos.fr\/?s={search_term_string}"},"query-input":{"@type":"PropertyValueSpecification","valueRequired":true,"valueName":"search_term_string"}}],"inLanguage":"fr-FR"},{"@type":"Organization","@id":"https:\/\/ecolesaintvincentloos.fr\/#organization","name":"Ecole Saint Vincent Loos","url":"https:\/\/ecolesaintvincentloos.fr\/","logo":{"@type":"ImageObject","inLanguage":"fr-FR","@id":"https:\/\/ecolesaintvincentloos.fr\/#\/schema\/logo\/image\/","url":"https:\/\/ecolesaintvincentloos.fr\/wp-content\/uploads\/2025\/12\/Logo_512x512.png","contentUrl":"https:\/\/ecolesaintvincentloos.fr\/wp-content\/uploads\/2025\/12\/Logo_512x512.png","width":512,"height":512,"caption":"Ecole Saint Vincent Loos"},"image":{"@id":"https:\/\/ecolesaintvincentloos.fr\/#\/schema\/logo\/image\/"}}]}},"_links":{"self":[{"href":"https:\/\/ecolesaintvincentloos.fr\/index.php\/wp-json\/wp\/v2\/pages\/8","targetHints":{"allow":["GET"]}}],"collection":[{"href":"https:\/\/ecolesaintvincentloos.fr\/index.php\/wp-json\/wp\/v2\/pages"}],"about":[{"href":"https:\/\/ecolesaintvincentloos.fr\/index.php\/wp-json\/wp\/v2\/types\/page"}],"author":[{"embeddable":true,"href":"https:\/\/ecolesaintvincentloos.fr\/index.php\/wp-json\/wp\/v2\/users\/1"}],"replies":[{"embeddable":true,"href":"https:\/\/ecolesaintvincentloos.fr\/index.php\/wp-json\/wp\/v2\/comments?post=8"}],"version-history":[{"count":21,"href":"https:\/\/ecolesaintvincentloos.fr\/index.php\/wp-json\/wp\/v2\/pages\/8\/revisions"}],"predecessor-version":[{"id":164,"href":"https:\/\/ecolesaintvincentloos.fr\/index.php\/wp-json\/wp\/v2\/pages\/8\/revisions\/164"}],"wp:attachment":[{"href":"https:\/\/ecolesaintvincentloos.fr\/index.php\/wp-json\/wp\/v2\/media?parent=8"}],"curies":[{"name":"wp","href":"https:\/\/api.w.org\/{rel}","templated":true}]}}